der when 1536 is divided by 399.
339
Calculate the remainder when 8807 is divided by 2891.
134
Calculate the remainder when 15859 is divided by 51.
49
What is the remainder when 524547 is divided by 1366?
3
Calculate the remainder when 2093 is divided by 460.
253
What is the remainder when 3546 is divided by 953?
687
What is the remainder when 3545 is divided by 3545?
0
What is the remainder when 19194 is divided by 282?
18
What is the remainder when 44170 is divided by 1133?
1116
What is the remainder when 84040 is divided by 54?
16
What is the remainder when 220532 is divided by 62?
60
What is the remainder when 3190 is divided by 1040?
70
What is the remainder when 9731 is divided by 4843?
45
Calculate the remainder when 15302 is divided by 39.
14
What is the remainder when 5354 is divided by 4187?
1167
What is the remainder when 29605 is divided by 160?
5
What is the remainder when 50803 is divided by 12700?
3
Calculate the remainder when 3367 is divided by 47.
30
Calculate the remainder when 15207 is divided by 1277.
1160
Calculate the remainder when 44611 is divided by 11046.
427
Calculate the remainder when 71689 is divided by 9.
4
What is the remainder when 327 is divided by 307?
20
Calculate the remainder when 43092 is divided by 634.
614
Calculate the remainder when 51843 is divided by 402.
387
What is the remainder when 2401 is divided by 330?
91
What is the remainder when 30996 is divided by 15?
6
Calculate the remainder when 180847 is divided by 27.
1
Calculate the remainder when 6404 is divided by 60.
44
Calculate the remainder when 256352 is divided by 1160.
1152
What is the remainder when 108076 is divided by 434?
10
What is the remainder when 444538 is divided by 930?
928
Calculate the remainder when 2872 is divided by 572.
12
What is the remainder when 75181 is divided by 482?
471
Calculate the remainder when 4754 is divided by 227.
214
Calculate the remainder when 3057 is divided by 1505.
47
Calculate the remainder when 6334 is divided by 286.
42
Calculate the remainder when 91889 is divided by 4833.
62
What is the remainder when 152129 is divided by 73?
70
Calculate the remainder when 36295 is divided by 9.
7
Calculate the remainder when 9926 is divided by 9915.
11
What is the remainder when 7310 is divided by 722?
90
What is the remainder when 9131 is divided by 4330?
471
What is the remainder when 19006 is divided by 288?
286
Calculate the remainder when 9493 is divided by 716.
185
What is the remainder when 2274 is divided by 226?
14
What is the remainder when 9029 is divided by 32?
5
What is the remainder when 39550 is divided by 19759?
32
Calculate the remainder when 283385 is divided by 1356.
1337
Calculate the remainder when 252002 is divided by 25.
2
What is the remainder when 9579 is divided by 393?
147
What is the remainder when 3313 is divided by 111?
94
Calculate the remainder when 5664665 is divided by 14.
13
Calculate the remainder when 2529 is divided by 92.
45
Calculate the remainder when 290357 is divided by 2104.
5
What is the remainder when 2300173 is divided by 83?
77
Calculate the remainder when 10124 is divided by 35.
9
What is the remainder when 107593 is divided by 1681?
9
Calculate the remainder when 2672 is divided by 1180.
312
What is the remainder when 186727 is divided by 54?
49
What is the remainder when 254355 is divided by 29?
25
What is the remainder when 6866 is divided by 451?
101
What is the remainder when 29108 is divided by 528?
68
Calculate the remainder when 140321 is divided by 15.
11
What is the remainder when 147632 is divided by 1231?
1143
What is the remainder when 182883 is divided by 91413?
57
What is the remainder when 2192 is divided by 176?
80
What is the remainder when 15038 is divided by 1362?
56
Calculate the remainder when 2065 is divided by 963.
139
What is the remainder when 7296 is divided by 231?
135
What is the remainder when 2019 is divided by 84?
3
What is the remainder when 570201 is divided by 169?
164
Calculate the remainder when 7723 is divided by 550.
23
What is the remainder when 33283 is divided by 440?
283
Calculate the remainder when 2807 is divided by 523.
192
Calculate the remainder when 15683 is divided by 1207.
1199
Calculate the remainder when 115009 is divided by 21.
13
Calculate the remainder when 560 is divided by 297.
263
What is the remainder when 1152 is divided by 335?
147
What is the remainder when 134101 is divided by 528?
517
Calculate the remainder when 13616 is divided by 1585.
936
What is the remainder when 62623 is divided by 75?
73
Calculate the remainder when 6004 is divided by 979.
130
Calculate the remainder when 166524 is divided by 83253.
18
Calculate the remainder when 25484 is divided by 36.
32
What is the remainder when 549 is divided by 3?
0
What is the remainder when 29555 is divided by 9768?
251
What is the remainder when 22254 is divided by 33?
12
What is the remainder when 76501 is divided by 880?
821
What is the remainder when 47007 is divided by 176?
15
Calculate the remainder when 997 is divided by 305.
82
What is the remainder when 67860 is divided by 32?
20
Calculate the remainder when 1960 is divided by 14.
0
What is the remainder when 499542 is divided by 15?
12
What is the remainder when 11325 is divided by 980?
545
What is the remainder when 14261 is divided by 9?
5
Calculate the remainder when 69810 is divided by 671.
26
Calculate the remainder when 9627 is divided by 1201.
19
Calculate the remainder when 6921 is divided by 33.
24
What is the remainder when 7007 is divided by 1658?
375
Calculate the remainder when 151507 is divided by 315.
307
What is the remainder when 78135 is divided by 15595?
160
Calculate the remainder when 30022 is divided by 14.
6
What is the remainder when 2996 is divided by 1493?
10
What is the remainder when 100462 is divided by 364?
362
What is the remainder when 13689 is divided by 336?
249
Calculate the remainder when 37496 is divided by 9373.
4
What is the remainder when 208034 is divided by 14?
8
What is the remainder when 1549 is divided by 486?
91
Calculate the remainder when 24449 is divided by 453.
440
Calculate the remainder when 2102 is divided by 64.
54
What is the remainder when 47989 is divided by 941?
939
What is the remainder when 27528 is divided by 1451?
1410
Calculate the remainder when 105585 is divided by 23.
15
What is the remainder when 32071 is divided by 594?
589
Calculate the remainder when 79550 is divided by 255.
245
Calculate the remainder when 8865 is divided by 47.
29
Calculate the remainder when 36608 is divided by 2.
0
Calculate the remainder when 4126 is divided by 789.
181
Calculate the remainder when 8321 is divided by 1977.
413
What is the remainder when 10497 is divided by 678?
327
Calculate the remainder when 391078 is divided by 1226.
1210
What is the remainder when 3433 is divided by 845?
53
What is the remainder when 1631 is divided by 521?
68
Calculate the remainder when 54480 is divided by 212.
208
Calculate the remainder when 2221 is divided by 123.
7
Calculate the remainder when 76631 is divided by 45.
41
Calculate the remainder when 41392 is divided by 5174.
0
Calculate the remainder when 760156 is divided by 21.
19
Calculate the remainder when 1722040 is divided by 344406.
10
What is the remainder when 1947783 is divided by 434?
425
What is the remainder when 485969 is divided by 9?
5
Calculate the remainder when 147932 is divided by 48.
44
Calculate the remainder when 2959469 is divided by 1543.
1538
What is the remainder when 12642 is divided by 21?
0
Calculate the remainder when 179449 is divided by 89707.
35
Calculate the remainder when 3562 is divided by 375.
187
Calculate the remainder when 140962 is divided by 665.
647
What is the remainder when 70688 is divided by 137?
133
What is the remainder when 600702 is divided by 8?
6
What is the remainder when 9706 is divided by 3229?
19
What is the remainder when 1175 is divided by 1127?
48
What is the remainder when 54390 is divided by 6795?
30
What is the remainder when 3333982 is divided by 330?
322
What is the remainder when 4435 is divided by 837?
250
What is the remainder when 73480 is divided by 16?
8
What is the remainder when 71067 is divided by 7105?
17
What is the remainder